{"id":93,"date":"2013-03-04T14:55:28","date_gmt":"2013-03-04T14:55:28","guid":{"rendered":"http:\/\/www.ra-goehlich.de\/wp_test\/?page_id=93"},"modified":"2020-04-17T13:12:24","modified_gmt":"2020-04-17T13:12:24","slug":"ra-sascha-gohlich","status":"publish","type":"page","link":"http:\/\/www.ra-goehlich.de\/wp_rag\/?page_id=93","title":{"rendered":"Sascha G\u00f6hlich"},"content":{"rendered":"<h2>Rechtsanwalt<\/h2>\n<p>Nach dem Abitur im Jahre 1993 an der Theodor-Heuss-Schule in Homberg\/Efze studierte ich Rechtswissenschaften an der Philips-Universit\u00e4t Marburg, wo ich im Jahre 1998 auch mein erstes Juristisches Staatsexamen ablegte. Anschlie\u00dfend absolvierte ich von November 1999 bis November 2001 meinen Juristischen Vorbereitungsdienst am Landgericht und Regierungspr\u00e4sidium Kassel.<b><!--more--><\/b><\/p>\n<p>Im Juni 2002 gr\u00fcndete ich meine erste Kanzlei in Fritzlar. Hier lernte ich das anwaltliche Handwerkszeug und auch, wie ich meine Dienstleistung am Mandanten erbringen wollte. Der konsequente Schritt war im Dezember 2004 der Ausstieg aus der Soziet\u00e4t und die Gr\u00fcndung meiner eigenen Kanzlei in Bad Emstal-Sand, wo ich noch heute arbeite.<\/p>\n<p>Seit dem Jahr 2005 bin ich neben der anwaltlichen T\u00e4tigkeit Lehrgangsleiter der anwaltlichen Lehrg\u00e4nge f\u00fcr Rechtsreferendarinnen und Rechtsreferendare in der Rechtsanwaltsstation.<\/p>\n<p>Seit dem Jahr 2006 geh\u00f6re ich dem \u201eDeutschen Baugerichtstag e.V.\u201c an, der es sich zum Ziel gesetzt hat, das materielle und formelle Baurecht in Deutschland an den Bed\u00fcrfnissen der Praxis orientiert zu formen und zu entwickeln.<\/p>\n<p>Am 05. Juni 2008 habe den Fachanwaltstitel im Bereich des Bau- und Architektenrechts erhalten, so dass ich meine Mandanten auf diesen Gebieten noch zielgerichteter und kompetenter beraten und betreuen kann.<\/p>\n<p><strong>Kontakt unter:<\/strong> <span style=\"color: #1b1f82;\"><a href=\"mailto:goehlich@ra-goehlich.de\" target=\"_blank\" rel=\"noopener noreferrer\"><span style=\"text-decoration: underline;\">goehlich@ra-goehlich.de<\/span><\/a><\/span><\/p>\n","protected":false},"excerpt":{"rendered":"<p>Rechtsanwalt Nach dem Abitur im Jahre 1993 an der Theodor-Heuss-Schule in Homberg\/Efze studierte ich Rechtswissenschaften an der Philips-Universit\u00e4t Marburg, wo ich im Jahre 1998 auch mein erstes Juristisches Staatsexamen ablegte. Anschlie\u00dfend absolvierte ich von November 1999 bis November 2001 meinen Juristischen Vorbereitungsdienst am Landgericht und Regierungspr\u00e4sidium Kassel.<\/p>\n","protected":false},"author":1,"featured_media":533,"parent":71,"menu_order":1,"comment_status":"closed","ping_status":"open","template":"","meta":{"jetpack_post_was_ever_published":false},"jetpack_sharing_enabled":true,"jetpack_shortlink":"https:\/\/wp.me\/Payw9Y-1v","_links":{"self":[{"href":"http:\/\/www.ra-goehlich.de\/wp_rag\/index.php?rest_route=\/wp\/v2\/pages\/93"}],"collection":[{"href":"http:\/\/www.ra-goehlich.de\/wp_rag\/index.php?rest_route=\/wp\/v2\/pages"}],"about":[{"href":"http:\/\/www.ra-goehlich.de\/wp_rag\/index.php?rest_route=\/wp\/v2\/types\/page"}],"author":[{"embeddable":true,"href":"http:\/\/www.ra-goehlich.de\/wp_rag\/index.php?rest_route=\/wp\/v2\/users\/1"}],"replies":[{"embeddable":true,"href":"http:\/\/www.ra-goehlich.de\/wp_rag\/index.php?rest_route=%2Fwp%2Fv2%2Fcomments&post=93"}],"version-history":[{"count":27,"href":"http:\/\/www.ra-goehlich.de\/wp_rag\/index.php?rest_route=\/wp\/v2\/pages\/93\/revisions"}],"predecessor-version":[{"id":686,"href":"http:\/\/www.ra-goehlich.de\/wp_rag\/index.php?rest_route=\/wp\/v2\/pages\/93\/revisions\/686"}],"up":[{"embeddable":true,"href":"http:\/\/www.ra-goehlich.de\/wp_rag\/index.php?rest_route=\/wp\/v2\/pages\/71"}],"wp:featuredmedia":[{"embeddable":true,"href":"http:\/\/www.ra-goehlich.de\/wp_rag\/index.php?rest_route=\/wp\/v2\/media\/533"}],"wp:attachment":[{"href":"http:\/\/www.ra-goehlich.de\/wp_rag\/index.php?rest_route=%2Fwp%2Fv2%2Fmedia&parent=93"}],"curies":[{"name":"wp","href":"https:\/\/api.w.org\/{rel}","templated":true}]}}

Sascha Göhlich

<h2>Rechtsanwalt</h2>
<p>Nach dem Abitur im Jahre 1993 an der Theodor-Heuss-Schule in Homberg/Efze studierte ich Rechtswissenschaften an der Philips-Universität Marburg, wo ich im Jahre 1998 auch mein erstes Juristisches Staatsexamen ablegte. Anschließend absolvierte ich von November 1999 bis November 2001 meinen Juristischen Vorbereitungsdienst am Landgericht und Regierungspräsidium Kassel.<b><!--more--></b></p>
<p>Im Juni 2002 gründete ich meine erste Kanzlei in Fritzlar. Hier lernte ich das anwaltliche Handwerkszeug und auch, wie ich meine Dienstleistung am Mandanten erbringen wollte. Der konsequente Schritt war im Dezember 2004 der Ausstieg aus der Sozietät und die Gründung meiner eigenen Kanzlei in Bad Emstal-Sand, wo ich noch heute arbeite.</p>
<p>Seit dem Jahr 2005 bin ich neben der anwaltlichen Tätigkeit Lehrgangsleiter der anwaltlichen Lehrgänge für Rechtsreferendarinnen und Rechtsreferendare in der Rechtsanwaltsstation.</p>
<p>Seit dem Jahr 2006 gehöre ich dem „Deutschen Baugerichtstag e.V.“ an, der es sich zum Ziel gesetzt hat, das materielle und formelle Baurecht in Deutschland an den Bedürfnissen der Praxis orientiert zu formen und zu entwickeln.</p>
<p>Am 05. Juni 2008 habe den Fachanwaltstitel im Bereich des Bau- und Architektenrechts erhalten, so dass ich meine Mandanten auf diesen Gebieten noch zielgerichteter und kompetenter beraten und betreuen kann.</p>
<p><strong>Kontakt unter:</strong> <span style="color: #1b1f82;"><a href="mailto:goehlich@ra-goehlich.de" target="_blank" rel="noopener noreferrer"><span style="text-decoration: underline;">goehlich@ra-goehlich.de</span></a></span></p>

<p>Rechtsanwalt Nach dem Abitur im Jahre 1993 an der Theodor-Heuss-Schule in Homberg/Efze studierte ich Rechtswissenschaften an der Philips-Universität Marburg, wo ich im Jahre 1998 auch mein erstes Juristisches Staatsexamen ablegte. Anschließend absolvierte ich von November 1999 bis November 2001 meinen Juristischen Vorbereitungsdienst am Landgericht und Regierungspräsidium Kassel.</p>
